 of 877676/18 - (-156)/702.
2, 5, 23, 53
Let u(t) = 6*t**2 - 50*t + 13. List the prime factors of u(-12).
7, 211
Suppose -5*y + m = -10*y + 29581, 2*y = 5*m + 11800. List the prime factors of y.
5, 7, 13
Let k(t) = 9*t + 15. Let y be k(16). Let v = y - -98. What are the prime factors of v?
257
Let h(w) = w**3 - 14*w**2 - 2*w - 21. Let i be h(16). Let x = i - 663. Let y = x - -329. What are the prime factors of y?
5
Let s(k) = 4*k**2 + 4*k - 3. Let n(q) = -q - 1. Let o(u) = n(u) + s(u). Let f be o(-2). Suppose -b - 715 = -f*b. List the prime factors of b.
11, 13
Let g(s) be the first derivative of s**4/4 + 20*s**3/3 - 5*s**2 - 26*s - 121. List the prime factors of g(-18).
2, 401
Suppose -2*l + 2*d = -153252, 482*d - 153256 = -2*l + 485*d. List the prime factors of l.
2, 7, 13, 421
Let r(d) be the second derivative of d**3/6 + 9*d**2 - d. Let t be r(-15). Suppose t*z = 3*g - 0*g - 240, 0 = 3*g + 4*z - 226. List the prime factors of g.
2, 3, 13
Let k = -20340 - -56564. What are the prime factors of k?
2, 283
Let n = -81 - -75. Let y be n/4*(-1888)/24. Let q = y + -19. What are the prime factors of q?
3, 11
Let z be -9*(-156)/(-36)*(-62 + 1). Suppose -4320 = -7*y + z. What are the prime factors of y?
3, 11, 29
Let j(i) = i**2 - i + 29. Let p(c) = c**3 - c**2 - 4*c - 5. Let t be p(4). What are the prime factors of j(t)?
17, 43
Let j be 252/5 + -1 - 12/(-20). Let b = j - 220. Let z = b + 238. List the prime factors of z.
2, 17
List the prime factors of ((64/10)/2)/(-3 - 10311/(-3435)).
2, 229
Suppose -7*a + 4*a - 138 = 0. Let u = a + 71. Suppose -6*n + u + 5 = 0. What are the prime factors of n?
5
Let b(t) = 155*t - 30. Suppose -69*v = -41*v - 196. What are the prime factors of b(v)?
5, 211
Let l(h) = -3*h**2 + 16*h + 18. Let t be l(6). What are the prime factors of (-1209)/62*(-4)/t?
13
Let a be 1 + -3 + 14 + -18. Let f(c) = -c**3 - 6*c**2 + 2*c + 2. Let g be f(a). List the prime factors of 1*g*357/(-42).
5, 17
Let u(w) = 139*w**2 + 82*w + 87. What are the prime factors of u(-19)?
2, 3, 11, 41
List the prime factors of 14/(1848/(-12)) - (-232554)/33.
3, 29
Suppose -2*r + 5378 = d, -3*d = -7*r + 8*r - 2704. List the prime factors of r.
2, 17, 79
Let g be (-3 + 3 - -71)/1. Suppose -5*p = -3*d - g, -2*p + 2 = d - 33. Suppose 12*y = p*y - 32. What are the prime factors of y?
2
Let v(w) = w**2 + w + 1. Let x be v(-1). Let l be 12 - -3 - (0/(-2) - -6). What are the prime factors of 117*3*3*x/l?
3, 13
What are the prime factors of ((-6732)/(-264))/((-3)/(-6858))?
3, 17, 127
Let m be (-5 + 4)*(-48)/(9 - 3). Let t(l) = l**3 + 7*l**2 + 9*l + 12. What are the prime factors of t(m)?
2, 3, 29
Let l(o) = -7*o**3 - 35*o + 35. What are the prime factors of l(-10)?
5, 7, 211
Let u = 91 - 89. Suppose 0 = u*x - 10 + 2, 336 = 3*g - 3*x. List the prime factors of g.
2, 29
Let p(t) be the second derivative of -15*t**3 - 9*t**2 + 8*t + 5. List the prime factors of p(-4).
2, 3, 19
Let g(z) = -241*z**2 - 1. Let u be g(1). Let m be (-6 - -426) + 0/(-4). Let n = u + m. List the prime factors of n.
2, 89
Let q(t) = t**3 + 72*t**2 - 101*t - 174. List the prime factors of q(-59).
2, 13, 151
Let p = -34252 - -38165. List the prime factors of p.
7, 13, 43
Let w = 135 - 127. What are the prime factors of (-2558)/(-10) + (w/(-4))/(-10)?
2
Let k = 150407 - 91383. List the prime factors of k.
2, 7, 17, 31
Suppose -96173 = 155*m - 3263288. What are the prime factors of m?
3, 7, 139
Suppose 2*p = -5*h - 40, 0 = -0*h - 2*h + p - 16. List the prime factors of (h + 4 - -4) + 571.
571
Let u be (-5)/((-20)/8) + (1 - -5). Suppose 0 = -6*s + u*s - 6. Suppose -2*j + j + 4*f + 199 = 0, -s*j - 5*f + 597 = 0. List the prime factors of j.
199
Suppose -13*w + 176 = -162. Suppose w*v = 23*v + 9. List the prime factors of ((-1)/v)/((-4)/372).
31
Suppose 0 = -133*r + 1115934 + 3791101. List the prime factors of r.
5, 47, 157
Suppose 282*j = 262*j + 1180. List the prime factors of j.
59
Let z = 2390 + 2111. What are the prime factors of z?
7, 643
Let i(k) be the first derivative of 14*k**3/3 - 11*k**2/2 + 3*k + 27. What are the prime factors of i(5)?
2, 149
Let x = -15 - -17. Let n(t) = 8*t - 2*t + 6*t**x - 4*t + 5*t. What are the prime factors of n(-6)?
2, 3, 29
Let j = 31286 + -17690. List the prime factors of j.
2, 3, 11, 103
Let f = -205 - -208. List the prime factors of (3170/6 - 1/f) + 2.
2, 5, 53
Let s(y) be the second derivative of y**4/4 - y**3/6 + 47*y**2 + 6*y + 2. List the prime factors of s(16).
2, 3, 47
Suppose -5*p + 5*v - 4015 = -0*p, 3*p + 5*v + 2409 = 0. Let k = -419 - p. List the prime factors of k.
2, 3
Let o = -21723 - -30759. List the prime factors of o.
2, 3, 251
Let b be (12/(-14))/((-2)/14). Let x be (3 + (-15)/6)/(68/136). What are the prime factors of (4/x)/(-3*b/(-549))?
2, 61
Let j(p) = 14*p**2 - 11*p + 400. List the prime factors of j(12).
2, 571
Let o = -5273 + 6567. What are the prime factors of o?
2, 647
Let b = 888 + -891. Let h(y) = -y**2 + 1. Let m(j) = 14*j**2 - j - 12. Let i(o) = 2*h(o) + m(o). List the prime factors of i(b).
101
Let m = 36 + -46. Let i be ((-18)/m)/(7/35). Suppose -88 = -i*t + 8*t. List the prime factors of t.
2, 11
Suppose 2603 + 841 = 3*x. Suppose x = -2*q + 3264. List the prime factors of q.
2, 23
Let l = 4005 + -1605. List the prime factors of l.
2, 3, 5
What are the prime factors of (-5 + 1878)*3/(-6)*(-1 - 1)?
1873
Let u(s) = -2*s**2 - 18*s + 56. Let t be u(-18). Let r = t + 340. What are the prime factors of r?
2, 3
Let y be (64 + 1 + -1)/(6/5583). List the prime factors of y/240 - (-2)/(-15).
2, 31
Suppose 0 = -64*d - 65*d + 159573. List the prime factors of d.
1237
Let j = -19724 + 55030. List the prime factors of j.
2, 127, 139
Let h be ((-3946)/2)/(-1) - (3 + -7). What are the prime factors of (h/6 - 0) + (-2)/4?
7, 47
Suppose -3*g - r = 4, -4*g = -3*r + 6 + 8. Let t(v) = 11*v**3 - 40*v**3 - 4 + 13*v**3 - 4*v + 11*v**3 - 3*v**2. List the prime factors of t(g).
2
Let s(q) = 1236*q**2 + 4347*q - 8. List the prime factors of s(-6).
2, 9203
Let b(y) = -284*y**3 + 4*y**2 + 10*y - 10. What are the prime factors of b(-3)?
2, 479
Suppose -n + 4 = -14. Suppose -4*p - 364 = -n*p. List the prime factors of p.
2, 13
Suppose -4*f - 2 = -102. Suppose 4*n = -n - f. Let j(v) = v**3 + 7*v**2 + 6*v. List the prime factors of j(n).
2, 5
Let s(c) = 179*c**2 - 10*c + 10. List the prime factors of s(-3).
13, 127
Suppose -p - 12 = -4*k, 5*k = -0*k - 5*p - 10. Let v be (-3 + 2 - -2) + 69*k. Let s = v - 67. What are the prime factors of s?
2, 3
Suppose 0 = -4*z - 4*k + k + 29699, -5*z = -4*k - 37147. List the prime factors of z.
7, 1061
Let u(i) = -21*i**3 - 3*i**2 - 49*i + 1. Let t be u(-5). What are the prime factors of (1 - (2 - 0))/(-3)*t?
2, 233
Let a(k) = k**2 + 9*k - 47. Let t be a(-14). Suppose t*g = 26*g - 726. What are the prime factors of g?
2, 11
Suppose 0 = -5*z + 2*r + 129 + 149, 224 = 4*z - 2*r. Let y = -7 + z. Let v = y + -20. What are the prime factors of v?
3
Let k be 44458/15 - (-142)/1065. Let n = k + -1119. List the prime factors of n.
3, 5, 41
Let z be (72/14*(-210)/(-225))/((-30)/(-2900)). Let r = 0 - 0. Suppose w + 698 = 3*s - r*w, -2*s + z = -w. List the prime factors of s.
2, 3, 13
Let y(z) = 99*z**2 + 613*z - 35. List the prime factors of y(14).
3, 7, 11
Suppose -4041 = 32*u - 41*u. Let r = 188 + u. What are the prime factors of r?
7, 13
List the prime factors of (-17828)/12*(3 + -16 - -7).
2, 4457
Suppose 33385 = 2*n + 7*a - 6*a, -50080 = -3*n - a. List the prime factors of n.
3, 5, 7, 53
Let n = -37 + 41. Suppose -4*g = -6*g + 5*k, 0 = -3*g + n*k. Suppose o + g*o - 44 = -3*z, o = -1. What are the prime factors of z?
3, 5
Suppose x - 105 = 5. Suppose -s - 2*u - x = -6*s, -4*s - 3*u + 111 = 0. Suppose 3*c - s - 108 = 0. List the prime factors of c.
2, 11
Suppose -192284 = 46*r - 1153546. List the prime factors of r.
20897
Let a(t) be the first derivative of -t**4/2 + 2*t**3/3 - t**2/2 - t - 16. Let d be a(1). Let k = 20 + d. What are the prime factors of k?
2, 3
What are the prime factors of (8 - 55/5)/1 + 9?
2, 3
Let t = 45456 + -2764. List the prime factors of t.
2, 13, 821
Let t be (12/(-2))/((-9)/(-12)). Let f = t - -79. Suppose -566 = -7*q + f. What are the prime factors of q?
7, 13
Let n = 347 - 343. Let h(o) = 296*o + 75. 